2176471 is divided by 402?
391
Calculate the remainder when 451867 is divided by 711.
382
Calculate the remainder when 195003 is divided by 768.
699
What is the remainder when 19219487 is divided by 2720?
2687
What is the remainder when 5087131 is divided by 67?
22
What is the remainder when 99782760 is divided by 831523?
0
What is the remainder when 17395 is divided by 930?
655
What is the remainder when 69147 is divided by 2046?
1629
What is the remainder when 1789316 is divided by 37?
33
Calculate the remainder when 96418 is divided by 32120.
58
What is the remainder when 5095590 is divided by 5095580?
10
Calculate the remainder when 14630255 is divided by 735.
80
Calculate the remainder when 5205888 is divided by 743676.
156
What is the remainder when 328983 is divided by 758?
11
Calculate the remainder when 15164 is divided by 4972.
248
Calculate the remainder when 12767926 is divided by 8935.
8746
What is the remainder when 141425839 is divided by 1991913?
16
Calculate the remainder when 1746448 is divided by 431.
36
What is the remainder when 3241548 is divided by 681?
669
What is the remainder when 1959902 is divided by 304?
14
Calculate the remainder when 81312 is divided by 81294.
18
What is the remainder when 428876 is divided by 1817?
64
What is the remainder when 247249142 is divided by 337?
330
What is the remainder when 94004703 is divided by 135?
18
What is the remainder when 25403830 is divided by 76?
70
Calculate the remainder when 1785779 is divided by 27.
26
Calculate the remainder when 1136358 is divided by 13691.
5
Calculate the remainder when 21479409 is divided by 1130495.
4
Calculate the remainder when 4541587 is divided by 667.
651
What is the remainder when 2915053 is divided by 655?
303
Calculate the remainder when 6994514 is divided by 6994512.
2
Calculate the remainder when 36641043 is divided by 743.
741
Calculate the remainder when 44286 is divided by 11244.
10554
What is the remainder when 105119375 is divided by 9774?
5
Calculate the remainder when 1316711 is divided by 2544.
1463
Calculate the remainder when 16754423 is divided by 9.
5
Calculate the remainder when 5570041 is divided by 1856680.
1
Calculate the remainder when 10952766 is divided by 125.
16
Calculate the remainder when 1408 is divided by 444.
76
Calculate the remainder when 17780026 is divided by 3555981.
121
Calculate the remainder when 30766 is divided by 2355.
151
What is the remainder when 4227434 is divided by 32770?
104
What is the remainder when 377932 is divided by 47218?
188
Calculate the remainder when 872773 is divided by 1274.
83
What is the remainder when 16514 is divided by 841?
535
What is the remainder when 1767333 is divided by 199?
14
What is the remainder when 1434203 is divided by 61?
32
Calculate the remainder when 1299065 is divided by 2164.
665
Calculate the remainder when 75509012 is divided by 49000.
12
What is the remainder when 1178421 is divided by 138?
39
What is the remainder when 92016421 is divided by 13145203?
0
What is the remainder when 389401 is divided by 2419?
2361
Calculate the remainder when 120004 is divided by 10780.
1424
Calculate the remainder when 511753 is divided by 17057.
43
What is the remainder when 33254977 is divided by 18?
13
Calculate the remainder when 15511568 is divided by 1962.
1958
What is the remainder when 78531397 is divided by 10?
7
What is the remainder when 826442 is divided by 28?
22
What is the remainder when 542597 is divided by 13?
3
Calculate the remainder when 6010523 is divided by 25.
23
What is the remainder when 3869749 is divided by 948?
13
What is the remainder when 2531977 is divided by 260?
97
What is the remainder when 22772168 is divided by 1438?
0
What is the remainder when 32133 is divided by 125?
8
Calculate the remainder when 10047248 is divided by 63590.
28
What is the remainder when 863334 is divided by 1914?
120
What is the remainder when 12473 is divided by 3028?
361
Calculate the remainder when 3450114 is divided by 388.
18
What is the remainder when 6286 is divided by 1883?
637
What is the remainder when 8148258 is divided by 606?
588
Calculate the remainder when 2789599 is divided by 50.
49
What is the remainder when 18083 is divided by 4439?
327
Calculate the remainder when 1409484 is divided by 3332.
48
What is the remainder when 136251 is divided by 158?
55
Calculate the remainder when 79283 is divided by 164.
71
What is the remainder when 14188988 is divided by 3547232?
60
Calculate the remainder when 142041881 is divided by 28408376.
1
What is the remainder when 35655940 is divided by 221?
21
Calculate the remainder when 35068849 is divided by 7.
4
Calculate the remainder when 56016 is divided by 9270.
396
What is the remainder when 138629 is divided by 1801?
1753
What is the remainder when 55308 is divided by 6176?
5900
Calculate the remainder when 9157016 is divided by 163518.
8
What is the remainder when 7938459 is divided by 7263?
0
What is the remainder when 534396 is divided by 64?
60
What is the remainder when 22106556 is divided by 556?
552
What is the remainder when 6213461 is divided by 876?
869
What is the remainder when 13080226 is divided by 2180037?
4
Calculate the remainder when 374918 is divided by 721.
719
Calculate the remainder when 18867 is divided by 2620.
527
What is the remainder when 336094899 is divided by 10582?
10579
Calculate the remainder when 194886 is divided by 2944.
582
Calculate the remainder when 71693 is divided by 30.
23
What is the remainder when 122357 is divided by 122342?
15
What is the remainder when 5840772 is divided by 333?
285
What is the remainder when 3744440 is divided by 312036?
8
Calculate the remainder when 12708074 is divided by 15385.
64
Calculate the remainder when 5848527 is divided by 891.
3
What is the remainder when 1041366 is divided by 245?
116
Calculate the remainder when 284132768 is divided by 924.
920
What is the remainder when 83293122 is divided by 67?
62
What is the remainder when 32649497 is divided by 4081187?
1
Calculate the remainder when 1724376 is divided by 171.
12
Calculate the remainder when 14442472 is divided by 2278.
2230
What is the remainder when 3056976 is divided by 407?
406
Calculate the remainder when 324950689 is divided by 44.
41
What is the remainder when 230643 is divided by 32657?
2044
What is the remainder when 1700096 is divided by 24?
8
What is the remainder when 1677828 is divided by 152482?
526
Calculate the remainder when 20533108 is divided by 31.
10
Calculate the remainder when 1254263 is divided by 225.
113
Calculate the remainder when 1549271 is divided by 1549245.
26
Calculate the remainder when 1966973 is divided by 983484.
5
Calculate the remainder when 5523389 is divided by 1866.
29
What is the remainder when 5283925 is divided by 117?
88
Calculate the remainder when 25409867 is divided by 3905.
32
Calculate the remainder when 291180 is divided by 66.
54
Calculate the remainder when 6046805 is divided by 3512.
2653
What is the remainder when 216784 is divided by 72?
64
Calculate the remainder when 4674090 is divided by 2337039.
12
What is the remainder when 15356680 is divided by 927?
925
What is the remainder when 25023583 is divided by 26706?
61
Calculate the remainder when 85974 is divided by 660.
174
Calculate the remainder when 328762 is divided by 108941.
1939
What is the remainder when 121000093 is divided by 28673?
33
What is the remainder when 50947 is divided by 293?
258
What is the remainder when 83035691 is divided by 162?
161
Calculate the remainder when 1312669 is divided by 437539.
52
What is the remainder when 6740884 is divided by 46?
44
Calculate the remainder when 26451 is divided by 2621.
241
What is the remainder when 1281702 is divided by 5147?
99
Calculate the remainder when 162567 is divided by 10132.
455
What is the remainder when 3179931 is divided by 77?
62
What is the remainder when 196160289 is divided by 9396?
9393
Calculate the remainder when 4601696 is divided by 970.
16
Calculate the remainder when 3597334 is divided by 719464.
14
Calculate the remainder when 999664 is divided by 5583.
307
Calculate the remainder when 156305 is divided by 31260.
5
Calculate the remainder when 104238 is divided by 20405.
2213
C